of g(m)?
2, 3, 11
Let a = 4626 - 3198. What are the prime factors of a?
2, 3, 7, 17
Let m(l) be the third derivative of 13*l**4/24 + 5*l**3/6 - 2*l**2. List the prime factors of m(5).
2, 5, 7
Let o(d) = d**2 + 6*d + 40. What are the prime factors of o(-28)?
2, 41
Suppose 0 = -3*q - j + 14387 - 2897, -19150 = -5*q + 5*j. List the prime factors of q.
2, 5, 383
Suppose 4*u = u + 204. What are the prime factors of u/3*(-2 + 11)?
2, 3, 17
Suppose -2*y = -5*a - 386, y + 4*y = -2*a + 965. List the prime factors of y.
193
Let w(i) = i + 22. Suppose -14 + 43 = -5*o - p, 0 = o - p + 1. List the prime factors of w(o).
17
Let d be (2*1)/((-14)/(-28)). Suppose d*g = 2*h + 342, 2*h - 4 - 2 = 0. List the prime factors of g.
3, 29
Let p = 5 - 3. Suppose 23 = p*l - 67. List the prime factors of l.
3, 5
Let z = 53 + -52. Let v(l) = 53*l**2 - 4*l + 3. List the prime factors of v(z).
2, 13
What are the prime factors of 6*969 - (112 - 118)?
2, 3, 5, 97
Suppose 5 = d + 2*p, 3*d - 2*p = -2*d + 13. Suppose 0 = -4*c - 5*b + 289, c - 161 = -c + d*b. List the prime factors of c.
2, 19
Let x(o) = 243*o + 57. List the prime factors of x(5).
2, 3, 53
Let a(i) = 18*i**2 - 6*i - 7. Let r(z) = 10*z**2 - 3*z - 4. Let d(n) = 4*a(n) - 7*r(n). What are the prime factors of d(4)?
2, 5
Let j(k) = k**3 - 5*k**2 + 4*k + 8. Let f be j(3). Suppose 0 = -h + b + 150, -151 = -4*h + 3*h + f*b. List the prime factors of h.
149
Let s(g) = g**2 + 8*g + 13. What are the prime factors of s(8)?
3, 47
Let b(m) = m**2 + 10. Let j = 0 - 0. Suppose -i = -0*l - 5*l + 31, j = -3*l + 15. List the prime factors of b(i).
2, 23
Let c = -434 + 4258. What are the prime factors of c?
2, 239
Suppose -6*p + 4 = -8. Let q(f) = 54*f + 3. List the prime factors of q(p).
3, 37
Let p be 1183/(-8) + 20/(-160). Let x = -81 - p. What are the prime factors of x?
67
Let v(y) = -y**2 - y + 9. Suppose 6*a = a. List the prime factors of v(a).
3
Let o(w) = -220*w**3 - 4*w**2 - 8*w - 13. List the prime factors of o(-3).
5, 7, 13
Let j be -37 - (-2 + 0 + 1). Let p = -87 - -87. List the prime factors of p + j/(-4) + -2.
7
Let x = -226 + 318. Let q = x - 4. List the prime factors of q.
2, 11
Let i be 28/(-70)*(-5)/1. Suppose -3*s = 4*f - 558, 0 = -3*s - f - i*f + 558. List the prime factors of s.
2, 3, 31
Suppose g + 94 = -u, -g = -5*u + 4*u + 104. List the prime factors of 620/22 + 18/g.
2, 7
Let d be 3 - 0 - (-1)/(-1). Suppose 24 = -d*g + 56. Suppose 6 = -5*t + g. List the prime factors of t.
2
Suppose 2*j + 4*p = 12, 5*p + 17 - 2 = 0. Suppose j*y = 9*y + 96. List the prime factors of y.
2
Let x(j) = -j**3 - 10*j**2 - 10*j + 5. Let n be x(-9). Suppose 2 = -4*v - n. What are the prime factors of 2/(-2) + (-60)/v?
2, 7
Let i(k) = -k**3 + 4*k**2 - 2*k - 1. Let a(m) = 2*m + 10. Let o be a(-8). Let c be (-48)/(-18) + (-2)/o. List the prime factors of i(c).
2
Suppose 1025 = 2*w + 3*h, -5*w + 2*w + h = -1554. Suppose -5*a + w = -53. What are the prime factors of a?
2, 3, 19
Let c be 2/(-2 - 8/(-3)). Suppose -m = -c - 2. Suppose 0 = -j + m*j - 96. What are the prime factors of j?
2, 3
What are the prime factors of (-9 + 4 - -9) + (-840)/(-3)?
2, 71
Let l(h) be the second derivative of h**5/5 - h**4/12 - h**3/6 - h**2 - 3*h. Let p be l(-2). List the prime factors of (6 + -1)*p/(-10).
2, 3
Let y(m) = m + 16. Let j be y(-11). Suppose j*k = 8*k - 204. What are the prime factors of k?
2, 17
Suppose 37*u - 28275 = 18900. List the prime factors of u.
3, 5, 17
Let u = -1011 + 1549. What are the prime factors of u?
2, 269
Suppose 0 = -4*j - 0*h - 5*h + 9357, -5*j - 3*h + 11693 = 0. List the prime factors of j.
2, 7, 167
Let v = 17 + -9. Let a be (5 + 0)/(10/250). Suppose -3*p + v*p - a = 0. What are the prime factors of p?
5
Let s = -64 - -67. Suppose 0 = -5*n + 5*k + 775, 2*n + s*k = 4*k + 305. What are the prime factors of n?
2, 3, 5
Let f = -1386 + 2334. What are the prime factors of f?
2, 3, 79
Let c = 231 + -128. Suppose -p = -3*w + c, -83 = -3*w + 2*p + 3*p. List the prime factors of w.
2, 3
Let v be (-2)/(-10) + (-108)/(-10). List the prime factors of (11/(-2) - -1)/(v/(-154)).
3, 7
Let h = 26 + -158. Let q = h - -261. What are the prime factors of q?
3, 43
Let w = -11 + 11. Suppose t - 2 - 4 = -4*i, w = 5*i - t - 12. Suppose -4*g = -2*k + 20, 2*k = -3*g - 6 - i. What are the prime factors of k?
2
Suppose 0 = 5*t - 111 + 116. List the prime factors of 203 - ((-1)/t + 1).
3, 67
Suppose 4*x - 5*t = -0*t + 11, 0 = -5*x + t + 19. Suppose -57 = x*k - 2*d - 319, 3 = -3*d. What are the prime factors of k?
5, 13
Let f(h) = 20*h - 255. What are the prime factors of f(30)?
3, 5, 23
Let y(r) = 5*r - 13 - 772*r**3 + 387*r**3 + 386*r**3 + 7*r**2. List the prime factors of y(-4).
3, 5
Let k be 1 - (4 + 0 - 2). What are the prime factors of 42 + (k - -11)/5?
2, 11
Let w(u) = -77*u + 47. List the prime factors of w(-6).
509
Suppose -2281*m + 2286*m = 3045. What are the prime factors of m?
3, 7, 29
Let n be 2*24/(-20)*5. Let u = n - -36. List the prime factors of u.
2, 3
Let c = -13 + 7. Let s = 0 - c. Suppose -4*b - 7*r = -2*r - 42, s = b - r. List the prime factors of b.
2
Let d = -5 + 5. Suppose d = 7*s - 12*s + 120. List the prime factors of s.
2, 3
Suppose -6860 = -7*i + 504. What are the prime factors of i?
2, 263
Suppose 14*r - 6*r = 12064. What are the prime factors of r?
2, 13, 29
Let i = 117 + -100. Let a(u) = 2*u**2 - 34*u + 14. List the prime factors of a(i).
2, 7
Let x(j) = 39*j**2 + 42*j + 515. List the prime factors of x(-10).
5, 17, 47
Suppose -4*f + 224 = 4*f. Suppose 5*o - f = -3*m + 17, -23 = -4*o - 5*m. What are the prime factors of o?
2, 3
Suppose 0 = 5*r - r + 16. Let l be 4*14/8 - r. What are the prime factors of l/(-2*(-1)/6)?
3, 11
Let k(x) = x**3 + 5*x**2 - 3*x - 3. Let m be k(-5). Suppose -m = 3*y - 5*y. Suppose 3*f = -3, -2*r + 2*f + y = -10. List the prime factors of r.
7
Suppose -b + 4*f = -0*b - 445, -2*b + 923 = 3*f. List the prime factors of b.
457
Let b(g) = 14*g**3 - 7*g**2 + 20*g - 94. List the prime factors of b(5).
3, 17, 31
Let s = -257 - -383. Suppose 0 = 3*f - s - 3. List the prime factors of f.
43
Suppose -4*k = 2*g - 2 - 0, 4*g - 2*k - 44 = 0. Suppose -5*j - 212 = -g*j. What are the prime factors of j?
53
Let c(k) = -4*k - 1. Let m(r) = -r + 9. Let z be m(10). Let h be c(z). Suppose -o + 30 + h = 0. List the prime factors of o.
3, 11
List the prime factors of ((-17505)/9 + 12/2)*-1.
7, 277
Let q = -84 - -152. List the prime factors of q.
2, 17
Let c be 8 - 7 - (-2 - 1). Suppose -8 = n + 4*u, -17 = -4*n - u - c. Let r = 4 + n. List the prime factors of r.
2
Suppose p = 8*p + 469. Let v = p - -135. Suppose d + 4 - v = 0. List the prime factors of d.
2
Let h(t) = -t**2 + 4*t - 3. Let n(p) = 1. Let u(a) = -h(a) + n(a). List the prime factors of u(9).
7
Suppose 0 = -s - 5*w + 910, s = 4*w - 8*w + 907. Suppose -5*r + 590 = -s. What are the prime factors of r?
3, 11
Suppose 3*c + 4*d = 19 + 27, 4*c + 4*d - 60 = 0. List the prime factors of 41 - 1 - (-17 + c).
43
Let w = -422 - -984. List the prime factors of w.
2, 281
Let m(j) = j + 17. Let c(z) = -z**3 - 10*z**2 - 3*z - 5. Let n be c(-10). What are the prime factors of m(n)?
2, 3, 7
Let x = -162 - -154. What are the prime factors of (260/x)/(-5)*2?
13
Let d = 1328 - -503. What are the prime factors of d?
1831
Suppose 3*l = -4*l. Suppose l = -4*g + 555 - 195. What are the prime factors of g?
2, 3, 5
Let w(p) = -533*p - 138. What are the prime factors of w(-7)?
3593
Suppose 5*m - 3*a - 7059 = -4*a, m = -4*a + 1408. List the prime factors of m.
2, 353
Suppose -6*m + 10*m - 792 = 0. Suppose 7*g - 6*g - p = m, 2*g - 392 = 3*p. List the prime factors of g.
2, 101
Suppose 388 = -2*p - 4*x, -2*x + 3*x = -4*p - 804. Let t = p - -293. What are the prime factors of t?
7, 13
List the prime factors of (-2)/13 + (-4448752)/(-2002).
2, 11, 101
Let a be (2/3)/((-20)/17790). Let s = 878 + a. List the prime factors of s.
3, 5, 19
Let k(j) = 265*j + 6. What are the prime factors of k(1)?
271
Let l(z) = -2*z**3 - z**2 + 3*z + 2. Let n be l(-2). Let g be n/28 - (-48)/28. Suppose 0 = -g*o + 7*s - 3*s + 62, -3 = 3*s. List the prime factors of o.
29
Suppose 5 = 3*f + 65. Let t = -2 - f. Suppose 3*p = -3*w + t, -5*w + 2*p + 2 + 0 = 0. List the prime factors of w.
2
Let o be ((-8)/(-5))